422?
2
What is the thousands digit of 52540632?
0
What is the hundreds digit of 1564868176?
1
What is the hundreds digit of 206455984?
9
What is the tens digit of 1497941057?
5
What is the hundred thousands digit of 39700720?
7
What is the millions digit of 10696230?
0
What is the thousands digit of 1031025204?
5
What is the ten millions digit of 52586843?
5
What is the thousands digit of 1166337?
6
What is the ten thousands digit of 7418072406?
7
What is the tens digit of 139266015?
1
What is the millions digit of 115074438?
5
What is the thousands digit of 304582042?
2
What is the hundreds digit of 1160081141?
1
What is the ten millions digit of 12473382?
1
What is the millions digit of 667642725?
7
What is the billions digit of 2084524065?
2
What is the billions digit of 2268273454?
2
What is the hundred thousands digit of 473951687?
9
What is the millions digit of 85501567?
5
What is the hundreds digit of 449916279?
2
What is the tens digit of 4083861033?
3
What is the hundred thousands digit of 3272283099?
2
What is the ten millions digit of 34009964?
3
What is the millions digit of 1166335964?
6
What is the ten thousands digit of 1690906363?
0
What is the tens digit of 140676?
7
What is the tens digit of 5423030366?
6
What is the hundred millions digit of 2047734923?
0
What is the units digit of 2135654782?
2
What is the hundred thousands digit of 88810382?
8
What is the hundreds digit of 541089969?
9
What is the millions digit of 54561188?
4
What is the hundreds digit of 89151588?
5
What is the millions digit of 173001896?
3
What is the ten millions digit of 1657960728?
5
What is the tens digit of 357669527?
2
What is the thousands digit of 61541696?
1
What is the hundred millions digit of 367452340?
3
What is the ten thousands digit of 12642904?
4
What is the billions digit of 4733490397?
4
What is the millions digit of 94274103?
4
What is the millions digit of 81169068?
1
What is the hundreds digit of 288584355?
3
What is the hundred millions digit of 468906311?
4
What is the units digit of 250337757?
7
What is the ten millions digit of 426510712?
2
What is the tens digit of 24632738?
3
What is the millions digit of 4459274056?
9
What is the hundred thousands digit of 582641934?
6
What is the tens digit of 71203111?
1
What is the millions digit of 16510283?
6
What is the units digit of 1305034547?
7
What is the ten thousands digit of 11029203?
2
What is the ten millions digit of 554079681?
5
What is the hundred millions digit of 3824882723?
8
What is the hundred thousands digit of 10587593?
5
What is the ten thousands digit of 648987324?
8
What is the hundred thousands digit of 522974454?
9
What is the hundreds digit of 822781341?
3
What is the hundred thousands digit of 245797075?
7
What is the ten thousands digit of 297217946?
1
What is the hundred millions digit of 1560435703?
5
What is the ten millions digit of 78774422?
7
What is the thousands digit of 24863818?
3
What is the thousands digit of 124779837?
9
What is the units digit of 643539598?
8
What is the hundreds digit of 23439500?
5
What is the tens digit of 205128507?
0
What is the hundreds digit of 469283716?
7
What is the hundred thousands digit of 1619648582?
6
What is the ten millions digit of 653650946?
5
What is the tens digit of 212177158?
5
What is the hundreds digit of 140448553?
5
What is the millions digit of 275294281?
5
What is the hundred millions digit of 260950162?
2
What is the ten millions digit of 18798609?
1
What is the ten millions digit of 57934511?
5
What is the hundreds digit of 51398060?
0
What is the millions digit of 60673885?
0
What is the ten millions digit of 94231008?
9
What is the tens digit of 22660020?
2
What is the hundred thousands digit of 16537495?
5
What is the units digit of 139138805?
5
What is the thousands digit of 96968056?
8
What is the ten millions digit of 425664832?
2
What is the hundred thousands digit of 191668754?
6
What is the ten millions digit of 99036845?
9
What is the hundreds digit of 580074901?
9
What is the ten millions digit of 199593968?
9
What is the tens digit of 43338202?
0
What is the tens digit of 80876371?
7
What is the tens digit of 1746807?
0
What is the ten millions digit of 1537965390?
3
What is the hundred thousands digit of 39033530?
0
What is the units digit of 355926541?
1
What is the hundred millions digit of 517772850?
5
What is the hundred thousands digit of 140639028?
6
What is the hundred millions digit of 4532051449?
5
What is the tens digit of 86666136?
3
What is the ten thousands digit of 27953641?
5
What is the millions digit of 10849707?
0
What is the thousands digit of 2482381094?
1
What is the tens digit of 1097149145?
4
What is the hundred thousands digit of 124141849?
1
What is the hundred thousands digit of 18435737?
4
What is the hundreds digit of 1658229970?
9
What is the tens digit of 44955104?
0
What is the thousands digit of 5820486?
0
What is the hundred thousands digit of 1420406193?
4
What is the hundreds digit of 139725015?
0
What is the tens digit of 104325615?
1
What is the hundreds digit of 16034746?
7
What is the ten thousands digit of 216632659?
3
What is the hundreds digit of 72878227?
2
What is the millions digit of 385098957?
5
What is the ten millions digit of 84500703?
8
What is the billions digit of 2591528385?
2
What is the units digit of 6030148306?
6
What is the hundreds digit of 64617440?
4
What is the ten millions digit of 35232765?
3
What is the ten millions digit of 358634333?
5
What is the hundred thousands digit of 123191561?
1
What is the thousands digit of 526896337?
6
What is the ten millions digit of 138500980?
3
What is the tens digit of 11045277?
7
What is the ten millions digit of 545336449?
4
What is the tens digit of 1214769522?
2
What is the units digit of 73913481?
1
What is the hundred thousands digit of 4030988200?
9
What is the hundred thousands digit of 65782106?
7
What is the tens digit of 21430082?
8
What is the ten millions digit of 17807750?
1
What is the ten millions digit of 14578426?
1
What is the hundred thousands digit of 324628612?
6
What is the ten thousands digit of 39319285?
1
What is the tens digit of 78088991?
9
What is the millions digit of 66744264?
6
What is the ten thousands digit of 24505064?
0
What is the hundreds digit of 61124363?
3
What is the tens digit of 722731879?
7
What is the hundreds digit of 509917019?
0
What is the hundred millions digit of 667679536?
6
What is the units digit of 64085134?
4
What is the millions digit of 287811961?
7
What is the hundred thousands digit of 3427492896?
4
What is the hundred thousands digit of 15804760?
8
What is the tens digit of 173747623?
2
What is the tens digit of 173840242?
4
What is the tens digit of 158518172?
7
What is the units digit of 43013497?
7
What is the hundred thousands digit of 6269429?
2
What is the hundreds digit of 83755216?
2
What is the ten millions digit of 69231322?
6
What is the millions digit of 34297501?
4
What is the millions digit of 7978721?
7
What is the tens digit of 356282190?
9
What is the hundreds digit of 71295328?
3
What is the ten thousands digit of 275638057?
3
What is the ten millions digit of 1513302580?
1
What is the tens digit of 2179277089?
8
What is the ten thousands digit of 31308770?
0
What is the thousands digit of 38883107?
3
What is the tens digit of 413878613?
1
What is the hundred thousands digit of 214638358?
6
What is the tens digit of 41159373?
7
What is the ten millions digit of 65446780?
6
What is the hundreds digit of 189041932?
9
What is the thousands digit of 3994464903?
4
What is the tens digit of 133270054?
5
What is the ten thousands digit of 265574178?
7
What is the millions digit of 340974292?
0
What is the hundred millions digit of 192161139?
1
What is the millions digit of 3702409?
3
What is the thousands digit of 19541152?
1
What is the billions digit of 1847626134?
1
What is the hundreds digit of 55172388?
3
What is the hundred thousands digit of 73327669?
3
What is the hundreds digit of 17428782?
7
What is the ten thousands digit of 3274690292?
9
What is the millions digit of 27012878?
7
What is the hundred millions digit of 1876119426?
8
What is the ten millions digit of 2205507511?
0
What is the millio